5029.
3, 283, 12821
List the prime factors of 122160.
2, 3, 5, 509
What are the prime factors of 1026060?
2, 3, 5, 7, 349
What are the prime factors of 3792268?
2, 948067
List the prime factors of 2083077.
3, 25717
What are the prime factors of 477708?
2, 3, 7, 11, 47
List the prime factors of 14340148.
2, 1279, 2803
What are the prime factors of 6309599?
6309599
List the prime factors of 2080680.
2, 3, 5, 7, 2477
List the prime factors of 13070208.
2, 3, 101, 337
What are the prime factors of 4211347?
7, 281, 2141
List the prime factors of 6704517.
3, 43, 51973
List the prime factors of 12874499.
11, 73, 16033
What are the prime factors of 182667?
3, 60889
What are the prime factors of 4076742?
2, 3, 251, 2707
What are the prime factors of 1346394?
2, 3, 7, 32057
What are the prime factors of 4787807?
599, 7993
What are the prime factors of 4547794?
2, 61, 37277
What are the prime factors of 87228?
2, 3, 2423
List the prime factors of 11122522.
2, 17, 327133
List the prime factors of 2717.
11, 13, 19
What are the prime factors of 13027986?
2, 3, 241259
What are the prime factors of 1016541?
3, 179, 631
List the prime factors of 2238854.
2, 137, 8171
List the prime factors of 299805.
3, 5, 11, 23, 79
List the prime factors of 214127.
233, 919
What are the prime factors of 11123657?
11123657
What are the prime factors of 148074?
2, 3, 23, 29, 37
What are the prime factors of 547099?
7, 78157
What are the prime factors of 1953062?
2, 17, 31, 109
What are the prime factors of 1328038?
2, 664019
What are the prime factors of 149653?
7, 21379
What are the prime factors of 1187207?
7, 31, 5471
List the prime factors of 204159.
3, 68053
What are the prime factors of 13187117?
41, 181, 1777
What are the prime factors of 9043320?
2, 3, 5, 11, 13, 17, 31
List the prime factors of 5404963.
17, 349, 911
What are the prime factors of 25488736?
2, 7, 13, 8753
What are the prime factors of 72587?
29, 2503
List the prime factors of 2515260.
2, 3, 5, 11, 37, 103
List the prime factors of 153182.
2, 191, 401
List the prime factors of 511825.
5, 59, 347
List the prime factors of 285144.
2, 3, 109
What are the prime factors of 766293?
3, 11, 2111
List the prime factors of 846606.
2, 3, 141101
List the prime factors of 4079778.
2, 3, 29, 23447
What are the prime factors of 1330915?
5, 266183
What are the prime factors of 1315084?
2, 163, 2017
What are the prime factors of 420320?
2, 5, 37, 71
List the prime factors of 310927.
310927
What are the prime factors of 13123680?
2, 3, 5, 19, 1439
List the prime factors of 21590025.
3, 5, 287867
What are the prime factors of 280753?
11, 25523
What are the prime factors of 5531378?
2, 2765689
List the prime factors of 237706.
2, 7, 16979
List the prime factors of 186510.
2, 3, 5, 6217
What are the prime factors of 16119408?
2, 3, 335821
What are the prime factors of 383158?
2, 191579
What are the prime factors of 3340437?
3, 89, 12511
What are the prime factors of 428495?
5, 43, 1993
List the prime factors of 7377675.
3, 5, 98369
What are the prime factors of 321939?
3, 35771
What are the prime factors of 3107836?
2, 373, 2083
List the prime factors of 689602.
2, 344801
What are the prime factors of 657579?
3, 13, 1297
List the prime factors of 633902.
2, 316951
List the prime factors of 443440.
2, 5, 23, 241
List the prime factors of 231711.
3, 77237
List the prime factors of 303030.
2, 3, 5, 7, 13, 37
List the prime factors of 20449927.
20449927
What are the prime factors of 1779901?
19, 23, 4073
List the prime factors of 2416531.
13, 79, 181
What are the prime factors of 467359?
41, 11399
List the prime factors of 8396626.
2, 7, 599759
List the prime factors of 492144.
2, 3, 10253
What are the prime factors of 568165?
5, 13, 8741
What are the prime factors of 153155?
5, 30631
What are the prime factors of 5304221?
13, 17, 24001
List the prime factors of 3245949.
3, 7, 67, 769
What are the prime factors of 30394?
2, 7, 13, 167
List the prime factors of 295087.
13, 22699
What are the prime factors of 107233?
7, 15319
What are the prime factors of 875495?
5, 23, 331
List the prime factors of 17329891.
17329891
What are the prime factors of 1128791?
347, 3253
List the prime factors of 4213909.
7, 17, 2083
List the prime factors of 3712191.
3, 7, 25253
What are the prime factors of 138768?
2, 3, 7, 59
List the prime factors of 384733.
384733
What are the prime factors of 142779?
3, 7, 13, 523
What are the prime factors of 3303763?
17, 31, 6269
What are the prime factors of 1270893?
3, 13, 32587
List the prime factors of 256686.
2, 3, 179, 239
What are the prime factors of 912272?
2, 23, 37, 67
What are the prime factors of 423033?
3, 13, 10847
What are the prime factors of 6401497?
6401497
What are the prime factors of 2587805?
5, 11, 47051
What are the prime factors of 3695184?
2, 3, 67, 383
List the prime factors of 25696.
2, 11, 73
What are the prime factors of 867047?
67, 12941
What are the prime factors of 1369427?
1369427
List the prime factors of 818840.
2, 5, 11, 1861
List the prime factors of 1392766.
2, 103, 6761
List the prime factors of 1808399.
1808399
What are the prime factors of 6787534?
2, 13, 261059
List the prime factors of 221248.
2, 3457
What are the prime factors of 578024?
2, 72253
What are the prime factors of 9025517?
9025517
List the prime factors of 313120.
2, 5, 19, 103
What are the prime factors of 7518895?
5, 31, 179, 271
List the prime factors of 19293273.
3, 1109, 1933
List the prime factors of 11950227.
3, 442601
What are the prime factors of 391555?
5, 78311
What are the prime factors of 825270?
2, 3, 5, 27509
What are the prime factors of 108632?
2, 37, 367
List the prime factors of 24011498.
2, 7, 1715107
What are the prime factors of 907416?
2, 3, 4201
List the prime factors of 5605794.
2, 3, 103811
What are the prime factors of 2402590?
2, 5, 240259
List the prime factors of 527769.
3, 11, 1777
List the prime factors of 307372.
2, 13, 23, 257
What are the prime factors of 999915?
3, 5, 7, 89, 107
What are the prime factors of 4577128?
2, 29, 109, 181
What are the prime factors of 663211?
71, 9341
List the prime factors of 7482148.
2, 691, 2707
What are the prime factors of 2632652?
2, 11, 59833
List the prime factors of 1168325.
5, 17, 2749
List the prime factors of 755371.
755371
What are the prime factors of 1247943?
3, 503, 827
What are the prime factors of 3892492?
2, 19, 51217
List the prime factors of 657012.
2, 3, 54751
List the prime factors of 2661377.
643, 4139
List the prime factors of 6490149.
3, 211, 10253
List the prime factors of 15055532.
2, 61, 61703
List the prime factors of 5805495.
3, 5, 129011
What are the prime factors of 880243?
7, 13, 17, 569
What are the prime factors of 8280441?
3, 13, 31, 761
What are the prime factors of 2576236?
2, 13, 37, 103
List the prime factors of 207397.
157, 1321
List the prime factors of 1666235.
5, 23, 14489
What are the prime factors of 24029?
24029
What are the prime factors of 374154?
2, 3, 11, 5669
List the prime factors of 1147096.
2, 143387
What are the prime factors of 503682?
2, 3, 127, 661
List the prime factors of 49852.
2, 11, 103
What are the prime factors of 2467838?
2, 73, 16903
What are the prime factors of 42721?
7, 17, 359
List the prime factors of 63671.
63671
List the prime factors of 544915.
5, 7, 15569
List the prime factors of 4475276.
2, 13, 89, 967
What are the prime factors of 812113?
37, 47, 467
What are the prime factors of 598674?
2, 3, 113, 883
What are the prime factors of 640194?
2, 3, 106699
List the prime factors of 677592.
2, 3, 3137
List the prime factors of 1300609.
1300609
List the prime factors of 2534039.
2534039
List the prime factors of 5515146.
2, 3, 7, 13, 37
What are the prime factors of 103956?
2, 3, 8663
What are the prime factors of 900484?
2, 13, 17317
List the prime factors of 3033159.
3, 349, 2897
What are the prime factors of 52429?
13, 37, 109
What are the prime factors of 17031725?
5, 107, 6367
List the prime factors of 10924799.
409, 26711
List the prime factors of 1365242.
2, 409, 1669
List the prime factors of 1608198.
2, 3, 19, 14107
List the prime factors of 729417.
3, 13, 59, 317
What are the prime factors of 20613448?
2, 47, 73, 751
What are the prime factors of 94613?
